{"id":24,"date":"2018-05-11T06:21:23","date_gmt":"2018-05-11T06:21:23","guid":{"rendered":"https:\/\/praxis-toepolt.de\/?page_id=24"},"modified":"2026-04-02T11:41:06","modified_gmt":"2026-04-02T11:41:06","slug":"aktuelles","status":"publish","type":"page","link":"https:\/\/praxis-toepolt.de\/index.php\/startseite\/aktuelles\/","title":{"rendered":"Aktuelles"},"content":{"rendered":"<h2><span style=\"color: #ff0000;\">Unsere Praxis bleibt vom 07.04. \u2013 10.04.2026 aufgrund von Urlaub geschlossen.<\/span><\/h2>\n<pre><strong><u>Die Vertretung \u00fcbernehmen:<\/u><\/strong>\n\n<strong><span style=\"color: #008000;\">Praxis Dr. Nichelmann<\/span>, Steinbacher Str. 35, 01157 Dresden , Tel: 4273331<\/strong>\n\n<strong><u>Und zus\u00e4tzlich vom 07.04.-09.04.2026<\/u><\/strong>\n\n<strong><span style=\"color: #008000;\">Praxis Ulrich Trausel<\/span>, Pesterwitzer Str. 21, 01705 Freital,  Tel.: 6502883\n\n<\/strong><\/pre>\n<pre><\/pre>\n<h2><strong><span style=\"color: #ff0000;\">Wenn Sie an Erk\u00e4ltungssymptomen leiden, m\u00f6chten wir Sie bitten, in den Praxisr\u00e4umen eine Maske zu tragen. So sch\u00fctzen Sie andere Patienten und das Praxispersonal. Vielen Dank!<\/span><\/strong><\/h2>\n<p>Bei Verdacht auf eine <strong>Coronavirus<\/strong>-Infektion bitten<br \/>\nwir Sie aus R\u00fccksicht auf andere Patient\/innen nicht unangemeldet in die Praxis zu kommen, sondern uns vorab f\u00fcr weitere Informationen anzurufen.<\/p>\n<p><strong>\u00a0<\/strong>Zur Verbesserung des Praxisablaufs<\/p>\n<h1><strong><span style=\"color: #339966;\">Liebe Patientinnen und Patienten, um den zeitlichen Ablauf in unserer Praxis zu optimieren und f\u00fcr Sie l\u00e4ngere Wartezeiten m\u00f6glichst gering zu halten, bitten wir sehr herzlich darum, dass sich <span style=\"color: #ff0000;\">unbestellte Patient\/Innen<\/span> <span style=\"color: #ff0000;\">bis sp\u00e4testens 10.00 Uhr<\/span> am Vormittag und<span style=\"color: #ff0000;\"> bis<\/span><\/span><\/strong><strong><span style=\"color: #339966;\"><span style=\"color: #ff0000;\"> 17.00 Uhr<\/span> am Nachmittag anmelden.<\/span><\/strong><\/h1>\n<h4><strong><span style=\"color: #339966;\">Vielen Dank f\u00fcr Ihr Verst\u00e4ndnis und Ihr Entgegenkommen.<\/span><\/strong><\/h4>\n<p><strong>Erg\u00e4nzend noch einige wichtige Hinweise f\u00fcr Sie<\/strong><br \/>\n<strong>w\u00e4hrend unserer Schlie\u00dfzeiten!<\/strong><\/p>\n<p>In akuten, aber nicht lebensbedrohlichen F\u00e4llen<br \/>\nk\u00f6nnen Sie auch die allgemeinmedizinischen<br \/>\n<span style=\"color: #ff0000;\">Bereitschaftspraxen<\/span> der KV Sachsen nutzen:<\/p>\n<p>&#8211; Bereitschaftspraxis am <span style=\"color: #ff0000;\">KH DD Friedrichstadt (Haus C)<\/span><br \/>\nMittwoch und Freitag\u00a0 \u00a0 \u00a0 \u00a0 \u00a0 \u00a0 \u00a0 \u00a0 \u00a016:00 \u2013 20:00 Uhr<br \/>\nWochenende, Feiertag\u00a0 \u00a0 \u00a0 \u00a0 \u00a0 \u00a0 \u00a0 \u00a0 08:00 \u2013 22:00 Uhr<br \/>\n&#8211; Bereitschaftspraxis<span style=\"color: #ff0000;\"> Uniklinik Dresden, Fiedlerstr.25, Haus 28<\/span><br \/>\nMontag, Dienstag, Donnerstag\u00a0 \u00a019:00 \u2013 22:00 Uhr<br \/>\nMittwoch, Freitag\u00a0 \u00a0 \u00a0 \u00a0 \u00a0 \u00a0 \u00a0 \u00a0 \u00a0 \u00a0 \u00a0 \u00a0 \u00a015:00 \u2013 22:00 Uhr<br \/>\nWochenende, Feiertag\u00a0 \u00a0 \u00a0 \u00a0 \u00a0 \u00a0 \u00a0 \u00a0 \u00a008:00 \u2013 22:00 Uhr<br \/>\n&#8211; Bereitschaftspraxis <span style=\"color: #ff0000;\">KH DD Neustadt, Kopernikusstr.39a<\/span><br \/>\nWochenende, Feiertag\u00a0 \u00a0 \u00a0 \u00a0 \u00a0 \u00a0 \u00a0 \u00a0 \u00a009:00 \u2013 22:00 Uhr<br \/>\n&#8211; Bereitschaftspraxis am <span style=\"color: #ff0000;\">Klinikum Freital, B\u00fcrgerstr.7<\/span><br \/>\nMittwoch, Freitag\u00a0 \u00a0 \u00a0 \u00a0 \u00a0 \u00a0 \u00a0 \u00a0 \u00a0 \u00a0 \u00a0 \u00a0 15:00 \u2013 19:00 Uhr<br \/>\nWochenende, Feiertag\u00a0 \u00a0 \u00a0 \u00a0 \u00a0 \u00a0 \u00a0 \u00a0 09:00 \u2013 13:00 Uhr<br \/>\n15:00 \u2013 19:00 Uhr<\/p>\n<p>Die Bereitschaftspraxen k\u00f6nnen Sie w\u00e4hrend der genannten<br \/>\n\u00d6ffnungszeiten ohne Voranmeldung aufsuchen.<\/p>\n<p><span style=\"color: #ff0000;\"><strong>In dringenden Notf\u00e4llen rufen Sie bitte den Notarzt (112).<\/strong><\/span><\/p>\n<pre><\/pre>\n","protected":false},"excerpt":{"rendered":"<p>Unsere Praxis bleibt vom 07.04. \u2013 10.04.2026 aufgrund von Urlaub geschlossen. Die Vertretung \u00fcbernehmen: Praxis Dr. Nichelmann, Steinbacher Str. 35, 01157 Dresden , Tel: 4273331 Und zus\u00e4tzlich vom 07.04.-09.04.2026 Praxis Ulrich Trausel, Pesterwitzer Str. 21, 01705 Freital, Tel.: 6502883 Wenn Sie an Erk\u00e4ltungssymptomen leiden, m\u00f6chten wir Sie bitten, in den Praxisr\u00e4umen eine Maske zu tragen. &hellip; <a href=\"https:\/\/praxis-toepolt.de\/index.php\/startseite\/aktuelles\/\" class=\"more-link\"><span class=\"screen-reader-text\">Aktuelles<\/span> weiterlesen<\/a><\/p>\n","protected":false},"author":1,"featured_media":0,"parent":72,"menu_order":0,"comment_status":"closed","ping_status":"closed","template":"","meta":[],"aioseo_notices":[],"_links":{"self":[{"href":"https:\/\/praxis-toepolt.de\/index.php\/wp-json\/wp\/v2\/pages\/24"}],"collection":[{"href":"https:\/\/praxis-toepolt.de\/index.php\/wp-json\/wp\/v2\/pages"}],"about":[{"href":"https:\/\/praxis-toepolt.de\/index.php\/wp-json\/wp\/v2\/types\/page"}],"author":[{"embeddable":true,"href":"https:\/\/praxis-toepolt.de\/index.php\/wp-json\/wp\/v2\/users\/1"}],"replies":[{"embeddable":true,"href":"https:\/\/praxis-toepolt.de\/index.php\/wp-json\/wp\/v2\/comments?post=24"}],"version-history":[{"count":251,"href":"https:\/\/praxis-toepolt.de\/index.php\/wp-json\/wp\/v2\/pages\/24\/revisions"}],"predecessor-version":[{"id":744,"href":"https:\/\/praxis-toepolt.de\/index.php\/wp-json\/wp\/v2\/pages\/24\/revisions\/744"}],"up":[{"embeddable":true,"href":"https:\/\/praxis-toepolt.de\/index.php\/wp-json\/wp\/v2\/pages\/72"}],"wp:attachment":[{"href":"https:\/\/praxis-toepolt.de\/index.php\/wp-json\/wp\/v2\/media?parent=24"}],"curies":[{"name":"wp","href":"https:\/\/api.w.org\/{rel}","templated":true}]}}