{"id":26,"date":"2018-05-11T06:21:12","date_gmt":"2018-05-11T06:21:12","guid":{"rendered":"https:\/\/praxis-toepolt.de\/?page_id=26"},"modified":"2018-06-01T05:18:28","modified_gmt":"2018-06-01T05:18:28","slug":"sprechzeiten","status":"publish","type":"page","link":"https:\/\/praxis-toepolt.de\/index.php\/sprechzeiten\/","title":{"rendered":"Sprechzeiten"},"content":{"rendered":"<p style=\"text-align: left;\"><span style=\"color: #000080;\"><strong>Montag bis Freitag<\/strong><\/span><br \/>\n<span style=\"color: #000080;\"> 07.30 &#8211; 11.00 Uhr<\/span><\/p>\n<p style=\"text-align: left;\"><span style=\"color: #000080;\"><strong>Montag, Dienstag und Donnerstag<\/strong><\/span><br \/>\n<span style=\"color: #000080;\"> 15.00 &#8211; 18.00 Uhr<\/span><\/p>\n<p>&nbsp;<\/p>\n<p><span style=\"color: #000080;\">Au\u00dferhalb unserer Sprechzeiten, wie auch an Wochenenden und Feiertagen, wenden Sie sich bitte an den Kassen\u00e4rztlichen Bereitschaftsdienst (Tel.: 116117). Bei einem akuten Notfall w\u00e4hlen Sie die 112 (Rettungsleitstelle).<\/span><\/p>\n<p style=\"text-align: left;\"><span style=\"color: #000080;\">\u00a0<\/span><\/p>\n","protected":false},"excerpt":{"rendered":"<p>Montag bis Freitag 07.30 &#8211; 11.00 Uhr Montag, Dienstag und Donnerstag 15.00 &#8211; 18.00 Uhr &nbsp; Au\u00dferhalb unserer Sprechzeiten, wie auch an Wochenenden und Feiertagen, wenden Sie sich bitte an den Kassen\u00e4rztlichen Bereitschaftsdienst (Tel.: 116117). Bei einem akuten Notfall w\u00e4hlen Sie die 112 (Rettungsleitstelle). \u00a0<\/p>\n","protected":false},"author":1,"featured_media":0,"parent":0,"menu_order":0,"comment_status":"closed","ping_status":"closed","template":"","meta":[],"aioseo_notices":[],"aioseo_head":"\n\t\t<!-- All in One SEO 4.9.10 - aioseo.com -->\n\t<meta name=\"description\" content=\"Sprechzeiten der Praxis der T\u00f6polt\" \/>\n\t<meta name=\"robots\" content=\"max-image-preview:large\" \/>\n\t<meta name=\"keywords\" content=\"gemeinschaftspraxis t\u00f6polt sprechzeiten\" \/>\n\t<link rel=\"canonical\" href=\"https:\/\/praxis-toepolt.de\/index.php\/sprechzeiten\/\" \/>\n\t<meta name=\"generator\" content=\"All in One SEO (AIOSEO) 4.9.10\" \/>\n\t\t<meta property=\"og:locale\" content=\"de_DE\" \/>\n\t\t<meta property=\"og:site_name\" content=\"Haus\u00e4rztliche Gemeinschaftspraxis Dres. med T\u00f6polt | Akademische Lehrpraxis der TU Dresden\" \/>\n\t\t<meta property=\"og:type\" content=\"article\" \/>\n\t\t<meta property=\"og:title\" content=\"Unsere Sprechzeiten | Haus\u00e4rztliche Gemeinschaftspraxis Dres. med T\u00f6polt\" \/>\n\t\t<meta property=\"og:description\" content=\"Sprechzeiten der Praxis der T\u00f6polt\" \/>\n\t\t<meta property=\"og:url\" content=\"https:\/\/praxis-toepolt.de\/index.php\/sprechzeiten\/\" \/>\n\t\t<meta property=\"og:image\" content=\"https:\/\/praxis-toepolt.de\/wp-content\/uploads\/2018\/05\/cropped-Praxislogo-als-jpg-2.jpg\" \/>\n\t\t<meta property=\"og:image:secure_url\" content=\"https:\/\/praxis-toepolt.de\/wp-content\/uploads\/2018\/05\/cropped-Praxislogo-als-jpg-2.jpg\" \/>\n\t\t<meta property=\"article:published_time\" content=\"2018-05-11T06:21:12+00:00\" \/>\n\t\t<meta property=\"article:modified_time\" content=\"2018-06-01T05:18:28+00:00\" \/>\n\t\t<meta name=\"twitter:card\" content=\"summary\" \/>\n\t\t<meta name=\"twitter:title\" content=\"Unsere Sprechzeiten | Haus\u00e4rztliche Gemeinschaftspraxis Dres. med T\u00f6polt\" \/>\n\t\t<meta name=\"twitter:description\" content=\"Sprechzeiten der Praxis der T\u00f6polt\" \/>\n\t\t<meta name=\"twitter:image\" content=\"https:\/\/praxis-toepolt.de\/wp-content\/uploads\/2018\/05\/cropped-Praxislogo-als-jpg-2.jpg\" \/>\n\t\t<script type=\"application\/ld+json\" class=\"aioseo-schema\">\n\t\t\t{\"@context\":\"https:\\\/\\\/schema.org\",\"@graph\":[{\"@type\":\"BreadcrumbList\",\"@id\":\"https:\\\/\\\/praxis-toepolt.de\\\/index.php\\\/sprechzeiten\\\/#breadcrumblist\",\"itemListElement\":[{\"@type\":\"ListItem\",\"@id\":\"https:\\\/\\\/praxis-toepolt.de#listItem\",\"position\":1,\"name\":\"Home\",\"item\":\"https:\\\/\\\/praxis-toepolt.de\",\"nextItem\":{\"@type\":\"ListItem\",\"@id\":\"https:\\\/\\\/praxis-toepolt.de\\\/index.php\\\/sprechzeiten\\\/#listItem\",\"name\":\"Sprechzeiten\"}},{\"@type\":\"ListItem\",\"@id\":\"https:\\\/\\\/praxis-toepolt.de\\\/index.php\\\/sprechzeiten\\\/#listItem\",\"position\":2,\"name\":\"Sprechzeiten\",\"previousItem\":{\"@type\":\"ListItem\",\"@id\":\"https:\\\/\\\/praxis-toepolt.de#listItem\",\"name\":\"Home\"}}]},{\"@type\":\"Organization\",\"@id\":\"https:\\\/\\\/praxis-toepolt.de\\\/#organization\",\"name\":\"Haus\\u00e4rztliche Gemeinschaftspraxis Dres. med T\\u00f6polt\",\"description\":\"Akademische Lehrpraxis der TU Dresden\",\"url\":\"https:\\\/\\\/praxis-toepolt.de\\\/\",\"logo\":{\"@type\":\"ImageObject\",\"url\":\"https:\\\/\\\/praxis-toepolt.de\\\/wp-content\\\/uploads\\\/2018\\\/05\\\/cropped-Praxislogo-als-jpg-2.jpg\",\"@id\":\"https:\\\/\\\/praxis-toepolt.de\\\/index.php\\\/sprechzeiten\\\/#organizationLogo\",\"width\":248,\"height\":169},\"image\":{\"@id\":\"https:\\\/\\\/praxis-toepolt.de\\\/index.php\\\/sprechzeiten\\\/#organizationLogo\"}},{\"@type\":\"WebPage\",\"@id\":\"https:\\\/\\\/praxis-toepolt.de\\\/index.php\\\/sprechzeiten\\\/#webpage\",\"url\":\"https:\\\/\\\/praxis-toepolt.de\\\/index.php\\\/sprechzeiten\\\/\",\"name\":\"Unsere Sprechzeiten | Haus\\u00e4rztliche Gemeinschaftspraxis Dres. med T\\u00f6polt\",\"description\":\"Sprechzeiten der Praxis der T\\u00f6polt\",\"inLanguage\":\"de-DE\",\"isPartOf\":{\"@id\":\"https:\\\/\\\/praxis-toepolt.de\\\/#website\"},\"breadcrumb\":{\"@id\":\"https:\\\/\\\/praxis-toepolt.de\\\/index.php\\\/sprechzeiten\\\/#breadcrumblist\"},\"datePublished\":\"2018-05-11T06:21:12+00:00\",\"dateModified\":\"2018-06-01T05:18:28+00:00\"},{\"@type\":\"WebSite\",\"@id\":\"https:\\\/\\\/praxis-toepolt.de\\\/#website\",\"url\":\"https:\\\/\\\/praxis-toepolt.de\\\/\",\"name\":\"Haus\\u00e4rztliche Gemeinschaftspraxis Dres. med T\\u00f6polt\",\"description\":\"Akademische Lehrpraxis der TU Dresden\",\"inLanguage\":\"de-DE\",\"publisher\":{\"@id\":\"https:\\\/\\\/praxis-toepolt.de\\\/#organization\"}}]}\n\t\t<\/script>\n\t\t<!-- All in One SEO -->\n\n","aioseo_head_json":{"title":"Unsere Sprechzeiten | Haus\u00e4rztliche Gemeinschaftspraxis Dres. med T\u00f6polt","description":"Sprechzeiten der Praxis der T\u00f6polt","canonical_url":"https:\/\/praxis-toepolt.de\/index.php\/sprechzeiten\/","robots":"max-image-preview:large","keywords":"gemeinschaftspraxis t\u00f6polt sprechzeiten","webmasterTools":{"miscellaneous":""},"schema":{"@context":"https:\/\/schema.org","@graph":[{"@type":"BreadcrumbList","@id":"https:\/\/praxis-toepolt.de\/index.php\/sprechzeiten\/#breadcrumblist","itemListElement":[{"@type":"ListItem","@id":"https:\/\/praxis-toepolt.de#listItem","position":1,"name":"Home","item":"https:\/\/praxis-toepolt.de","nextItem":{"@type":"ListItem","@id":"https:\/\/praxis-toepolt.de\/index.php\/sprechzeiten\/#listItem","name":"Sprechzeiten"}},{"@type":"ListItem","@id":"https:\/\/praxis-toepolt.de\/index.php\/sprechzeiten\/#listItem","position":2,"name":"Sprechzeiten","previousItem":{"@type":"ListItem","@id":"https:\/\/praxis-toepolt.de#listItem","name":"Home"}}]},{"@type":"Organization","@id":"https:\/\/praxis-toepolt.de\/#organization","name":"Haus\u00e4rztliche Gemeinschaftspraxis Dres. med T\u00f6polt","description":"Akademische Lehrpraxis der TU Dresden","url":"https:\/\/praxis-toepolt.de\/","logo":{"@type":"ImageObject","url":"https:\/\/praxis-toepolt.de\/wp-content\/uploads\/2018\/05\/cropped-Praxislogo-als-jpg-2.jpg","@id":"https:\/\/praxis-toepolt.de\/index.php\/sprechzeiten\/#organizationLogo","width":248,"height":169},"image":{"@id":"https:\/\/praxis-toepolt.de\/index.php\/sprechzeiten\/#organizationLogo"}},{"@type":"WebPage","@id":"https:\/\/praxis-toepolt.de\/index.php\/sprechzeiten\/#webpage","url":"https:\/\/praxis-toepolt.de\/index.php\/sprechzeiten\/","name":"Unsere Sprechzeiten | Haus\u00e4rztliche Gemeinschaftspraxis Dres. med T\u00f6polt","description":"Sprechzeiten der Praxis der T\u00f6polt","inLanguage":"de-DE","isPartOf":{"@id":"https:\/\/praxis-toepolt.de\/#website"},"breadcrumb":{"@id":"https:\/\/praxis-toepolt.de\/index.php\/sprechzeiten\/#breadcrumblist"},"datePublished":"2018-05-11T06:21:12+00:00","dateModified":"2018-06-01T05:18:28+00:00"},{"@type":"WebSite","@id":"https:\/\/praxis-toepolt.de\/#website","url":"https:\/\/praxis-toepolt.de\/","name":"Haus\u00e4rztliche Gemeinschaftspraxis Dres. med T\u00f6polt","description":"Akademische Lehrpraxis der TU Dresden","inLanguage":"de-DE","publisher":{"@id":"https:\/\/praxis-toepolt.de\/#organization"}}]},"og:locale":"de_DE","og:site_name":"Haus\u00e4rztliche Gemeinschaftspraxis Dres. med T\u00f6polt | Akademische Lehrpraxis der TU Dresden","og:type":"article","og:title":"Unsere Sprechzeiten | Haus\u00e4rztliche Gemeinschaftspraxis Dres. med T\u00f6polt","og:description":"Sprechzeiten der Praxis der T\u00f6polt","og:url":"https:\/\/praxis-toepolt.de\/index.php\/sprechzeiten\/","og:image":"https:\/\/praxis-toepolt.de\/wp-content\/uploads\/2018\/05\/cropped-Praxislogo-als-jpg-2.jpg","og:image:secure_url":"https:\/\/praxis-toepolt.de\/wp-content\/uploads\/2018\/05\/cropped-Praxislogo-als-jpg-2.jpg","article:published_time":"2018-05-11T06:21:12+00:00","article:modified_time":"2018-06-01T05:18:28+00:00","twitter:card":"summary","twitter:title":"Unsere Sprechzeiten | Haus\u00e4rztliche Gemeinschaftspraxis Dres. med T\u00f6polt","twitter:description":"Sprechzeiten der Praxis der T\u00f6polt","twitter:image":"https:\/\/praxis-toepolt.de\/wp-content\/uploads\/2018\/05\/cropped-Praxislogo-als-jpg-2.jpg"},"aioseo_meta_data":{"post_id":"26","title":"Unsere Sprechzeiten | #site_title","description":"Sprechzeiten der Praxis der T\u00f6polt","keywords":[{"label":"Gemeinschaftspraxis T\u00f6polt Sprechzeiten","value":"Gemeinschaftspraxis T\u00f6polt Sprechzeiten"}],"keyphrases":null,"primary_term":null,"canonical_url":null,"og_title":null,"og_description":null,"og_object_type":"default","og_image_type":"default","og_image_url":null,"og_image_width":null,"og_image_height":null,"og_image_custom_url":null,"og_image_custom_fields":null,"og_video":null,"og_custom_url":null,"og_article_section":null,"og_article_tags":null,"twitter_use_og":false,"twitter_card":"default","twitter_image_type":"default","twitter_image_url":null,"twitter_image_custom_url":null,"twitter_image_custom_fields":null,"twitter_title":null,"twitter_description":null,"schema":{"blockGraphs":[],"customGraphs":[],"default":{"data":{"Article":[],"Course":[],"Dataset":[],"FAQPage":[],"Movie":[],"Person":[],"Product":[],"ProductReview":[],"Car":[],"Recipe":[],"Service":[],"SoftwareApplication":[],"WebPage":[]},"graphName":"WebPage","isEnabled":true},"graphs":[]},"schema_type":"default","schema_type_options":null,"pillar_content":false,"robots_default":true,"robots_noindex":false,"robots_noarchive":false,"robots_nosnippet":false,"robots_nofollow":false,"robots_noimageindex":false,"robots_noodp":false,"robots_notranslate":false,"robots_max_snippet":null,"robots_max_videopreview":null,"robots_max_imagepreview":"large","priority":null,"frequency":null,"local_seo":null,"breadcrumb_settings":null,"limit_modified_date":false,"ai":null,"created":"2021-12-24 11:58:18","updated":"2025-11-14 18:16:33","seo_analyzer_scan_date":null},"aioseo_breadcrumb":"<div class=\"aioseo-breadcrumbs\"><span class=\"aioseo-breadcrumb\">\n\t\t\t<a href=\"https:\/\/praxis-toepolt.de\" title=\"Home\">Home<\/a>\n\t\t<\/span><span class=\"aioseo-breadcrumb-separator\">&raquo;<\/span><span class=\"aioseo-breadcrumb\">\n\t\t\tSprechzeiten\n\t\t<\/span><\/div>","aioseo_breadcrumb_json":[{"label":"Home","link":"https:\/\/praxis-toepolt.de"},{"label":"Sprechzeiten","link":"https:\/\/praxis-toepolt.de\/index.php\/sprechzeiten\/"}],"_links":{"self":[{"href":"https:\/\/praxis-toepolt.de\/index.php\/wp-json\/wp\/v2\/pages\/26"}],"collection":[{"href":"https:\/\/praxis-toepolt.de\/index.php\/wp-json\/wp\/v2\/pages"}],"about":[{"href":"https:\/\/praxis-toepolt.de\/index.php\/wp-json\/wp\/v2\/types\/page"}],"author":[{"embeddable":true,"href":"https:\/\/praxis-toepolt.de\/index.php\/wp-json\/wp\/v2\/users\/1"}],"replies":[{"embeddable":true,"href":"https:\/\/praxis-toepolt.de\/index.php\/wp-json\/wp\/v2\/comments?post=26"}],"version-history":[{"count":12,"href":"https:\/\/praxis-toepolt.de\/index.php\/wp-json\/wp\/v2\/pages\/26\/revisions"}],"predecessor-version":[{"id":159,"href":"https:\/\/praxis-toepolt.de\/index.php\/wp-json\/wp\/v2\/pages\/26\/revisions\/159"}],"wp:attachment":[{"href":"https:\/\/praxis-toepolt.de\/index.php\/wp-json\/wp\/v2\/media?parent=26"}],"curies":[{"name":"wp","href":"https:\/\/api.w.org\/{rel}","templated":true}]}}

<p style="text-align: left;"><span style="color: #000080;"><strong>Montag bis Freitag</strong></span><br />
<span style="color: #000080;"> 07.30 &#8211; 11.00 Uhr</span></p>
<p style="text-align: left;"><span style="color: #000080;"><strong>Montag, Dienstag und Donnerstag</strong></span><br />
<span style="color: #000080;"> 15.00 &#8211; 18.00 Uhr</span></p>
<p>&nbsp;</p>
<p><span style="color: #000080;">Außerhalb unserer Sprechzeiten, wie auch an Wochenenden und Feiertagen, wenden Sie sich bitte an den Kassenärztlichen Bereitschaftsdienst (Tel.: 116117). Bei einem akuten Notfall wählen Sie die 112 (Rettungsleitstelle).</span></p>
<p style="text-align: left;"><span style="color: #000080;"> </span></p>

<p>Montag bis Freitag 07.30 &#8211; 11.00 Uhr Montag, Dienstag und Donnerstag 15.00 &#8211; 18.00 Uhr &nbsp; Außerhalb unserer Sprechzeiten, wie auch an Wochenenden und Feiertagen, wenden Sie sich bitte an den Kassenärztlichen Bereitschaftsdienst (Tel.: 116117). Bei einem akuten Notfall wählen Sie die 112 (Rettungsleitstelle).  </p>

<!-- All in One SEO 4.9.10 - aioseo.com -->
	<meta name="description" content="Sprechzeiten der Praxis der Töpolt" />
	<meta name="robots" content="max-image-preview:large" />
	<meta name="keywords" content="gemeinschaftspraxis töpolt sprechzeiten" />
	<link rel="canonical" href="https://praxis-toepolt.de/index.php/sprechzeiten/" />
	<meta name="generator" content="All in One SEO (AIOSEO) 4.9.10" />
		<meta property="og:locale" content="de_DE" />
		<meta property="og:site_name" content="Hausärztliche Gemeinschaftspraxis Dres. med Töpolt | Akademische Lehrpraxis der TU Dresden" />
		<meta property="og:type" content="article" />
		<meta property="og:title" content="Unsere Sprechzeiten | Hausärztliche Gemeinschaftspraxis Dres. med Töpolt" />
		<meta property="og:description" content="Sprechzeiten der Praxis der Töpolt" />
		<meta property="og:url" content="https://praxis-toepolt.de/index.php/sprechzeiten/" />
		<meta property="og:image" content="https://praxis-toepolt.de/wp-content/uploads/2018/05/cropped-Praxislogo-als-jpg-2.jpg" />
		<meta property="og:image:secure_url" content="https://praxis-toepolt.de/wp-content/uploads/2018/05/cropped-Praxislogo-als-jpg-2.jpg" />
		<meta property="article:published_time" content="2018-05-11T06:21:12+00:00" />
		<meta property="article:modified_time" content="2018-06-01T05:18:28+00:00" />
		<meta name="twitter:card" content="summary" />
		<meta name="twitter:title" content="Unsere Sprechzeiten | Hausärztliche Gemeinschaftspraxis Dres. med Töpolt" />
		<meta name="twitter:description" content="Sprechzeiten der Praxis der Töpolt" />
		<meta name="twitter:image" content="https://praxis-toepolt.de/wp-content/uploads/2018/05/cropped-Praxislogo-als-jpg-2.jpg" />
		<script type="application/ld+json" class="aioseo-schema">
			{"@context":"https:\/\/schema.org","@graph":[{"@type":"BreadcrumbList","@id":"https:\/\/praxis-toepolt.de\/index.php\/sprechzeiten\/#breadcrumblist","itemListElement":[{"@type":"ListItem","@id":"https:\/\/praxis-toepolt.de#listItem","position":1,"name":"Home","item":"https:\/\/praxis-toepolt.de","nextItem":{"@type":"ListItem","@id":"https:\/\/praxis-toepolt.de\/index.php\/sprechzeiten\/#listItem","name":"Sprechzeiten"}},{"@type":"ListItem","@id":"https:\/\/praxis-toepolt.de\/index.php\/sprechzeiten\/#listItem","position":2,"name":"Sprechzeiten","previousItem":{"@type":"ListItem","@id":"https:\/\/praxis-toepolt.de#listItem","name":"Home"}}]},{"@type":"Organization","@id":"https:\/\/praxis-toepolt.de\/#organization","name":"Haus\u00e4rztliche Gemeinschaftspraxis Dres. med T\u00f6polt","description":"Akademische Lehrpraxis der TU Dresden","url":"https:\/\/praxis-toepolt.de\/","logo":{"@type":"ImageObject","url":"https:\/\/praxis-toepolt.de\/wp-content\/uploads\/2018\/05\/cropped-Praxislogo-als-jpg-2.jpg","@id":"https:\/\/praxis-toepolt.de\/index.php\/sprechzeiten\/#organizationLogo","width":248,"height":169},"image":{"@id":"https:\/\/praxis-toepolt.de\/index.php\/sprechzeiten\/#organizationLogo"}},{"@type":"WebPage","@id":"https:\/\/praxis-toepolt.de\/index.php\/sprechzeiten\/#webpage","url":"https:\/\/praxis-toepolt.de\/index.php\/sprechzeiten\/","name":"Unsere Sprechzeiten | Haus\u00e4rztliche Gemeinschaftspraxis Dres. med T\u00f6polt","description":"Sprechzeiten der Praxis der T\u00f6polt","inLanguage":"de-DE","isPartOf":{"@id":"https:\/\/praxis-toepolt.de\/#website"},"breadcrumb":{"@id":"https:\/\/praxis-toepolt.de\/index.php\/sprechzeiten\/#breadcrumblist"},"datePublished":"2018-05-11T06:21:12+00:00","dateModified":"2018-06-01T05:18:28+00:00"},{"@type":"WebSite","@id":"https:\/\/praxis-toepolt.de\/#website","url":"https:\/\/praxis-toepolt.de\/","name":"Haus\u00e4rztliche Gemeinschaftspraxis Dres. med T\u00f6polt","description":"Akademische Lehrpraxis der TU Dresden","inLanguage":"de-DE","publisher":{"@id":"https:\/\/praxis-toepolt.de\/#organization"}}]}
		</script>
		<!-- All in One SEO -->

Unsere Sprechzeiten | Hausärztliche Gemeinschaftspraxis Dres. med Töpolt

Sprechzeiten der Praxis der Töpolt

gemeinschaftspraxis töpolt sprechzeiten

Hausärztliche Gemeinschaftspraxis Dres. med Töpolt

Hausärztliche Gemeinschaftspraxis Dres. med Töpolt | Akademische Lehrpraxis der TU Dresden

Gemeinschaftspraxis Töpolt Sprechzeiten
